mmon factor of i and 8022.
42
Let x(f) = 65*f - 1438. Let b be x(26). Calculate the greatest common divisor of b and 819.
63
Let z(l) = -9*l - 22. Let u be z(-3). Suppose u*s - y = 159, -2*s + 17 + 49 = 2*y. What is the highest common divisor of 2 and s?
2
Suppose -4*n + 1977 + 391 = 0. Suppose 0*u + c = u - 19, -22 = -u + 2*c. Calculate the highest common divisor of u and n.
16
Let y(n) = -n**3 + 65*n**2 + 12*n + 145. Let l be y(65). What is the highest common factor of 333 and l?
37
Suppose -4*k + v + 78 = 0, -8*k = -5*k - 3*v - 45. Suppose 5*s - 11 + 1 = 5*j, -3*s + 4*j = -2. Calculate the greatest common factor of s and k.
3
Suppose 55*c = 56*c - 2*j - 37, j = 5*c - 149. What is the highest common divisor of 4031 and c?
29
Let c = 40164 - 22691. What is the highest common divisor of c and 101?
101
Suppose -81*q = 3*w - 84*q - 6, -4*q = -5*w + 13. Suppose -v - 3 = 0, -5*v - 4 = -w*k + 26. Calculate the highest common factor of k and 123.
3
Let l be (-6)/21 + (-2096)/14. Let q be ((-8)/(-10))/((-4)/l). Suppose -84*y + 1370 = 83*y - 30*y. What is the highest common factor of q and y?
10
Suppose -2*y = 4*z - 48, -4*y - 20 = 4*z - 124. Calculate the highest common divisor of 70 and y.
14
Let h = 4 + 28. Suppose -685*o - 688*o + 502011 = -63*o - 629829. What is the greatest common factor of h and o?
32
Let n be 4*(1 + 60/8). Suppose k + k + 4*a = 64, 0 = -k - a + n. Suppose -z + 0*z + u = -21, -k = -2*z - u. What is the greatest common factor of z and 171?
19
Let m(j) = 2269*j**2 + 32*j - 59. Let b be m(2). What is the greatest common divisor of b and 9?
9
Let p be (-4*(-3)/18)/(18*(-13)/(-351)). Suppose -2*c + 12 - 2 = 0. Suppose 73 = c*q - 12. Calculate the highest common divisor of p and q.
1
Let i = 72482 + -42972. Calculate the greatest common divisor of i and 65.
65
Suppose -5*r + 118 = -132. Let b = -47 + r. Suppose -b = -z + 1. What is the highest common factor of 12 and z?
4
Let z be (-55)/(-10) + (-1)/(-2). Suppose -37 + 97 = -z*b. Let c = -6 - b. Calculate the highest common divisor of c and 12.
4
Suppose 5*l - 3*l - 116 = 0. Let p = 997 + -1027. Let s = l + p. Calculate the greatest common divisor of 28 and s.
28
Suppose -64 - 170 = -10*q - 68*q. Calculate the highest common divisor of q and 621.
3
Let b be (-174)/9*12/(-1). Suppose -m - 3*u + 5 = 0, 2*u = 3*u + 1. What is the highest common factor of m and b?
8
Suppose 5*k - 1756 = s, -553*k + 551*k + 670 = 5*s. Calculate the greatest common factor of k and 3430.
70
Suppose -2*u - 3*u + 128 = -3*d, 0 = -3*u + 2*d + 76. Suppose 10*g - 4006 = -1206. What is the greatest common factor of g and u?
28
Let r(v) = -19*v - 1181. Let h be r(-63). What is the highest common divisor of 3904 and h?
16
Suppose -40*d - 40700 = -62*d. What is the highest common divisor of d and 175?
25
Let h(o) = -o**3 + 27*o**2 + 4*o + 20. Let n be h(10). What is the highest common divisor of 20 and n?
20
Suppose -5*z = 2*x - 288, -1347*x = -1342*x - 5*z - 650. Calculate the highest common factor of 1273 and x.
67
Let j(h) = 341*h**3 + 3*h**2 - 3*h + 1. Let p be j(1). What is the greatest common divisor of 2682 and p?
18
Suppose 2*f - 3*h + 15 = 8, 4*h - 20 = 0. Suppose f*p - 1095 = -275. Calculate the highest common factor of 123 and p.
41
Suppose 0 = 3*g - 4*l - 16 + 1, -5*l - 5 = -g. Suppose 0 = -5*u, -4*s + 0*s = g*u + 236. Let n = s + 66. Calculate the greatest common factor of 28 and n.
7
Suppose 2*a = -4*w - 3*a + 64, a = -4*w + 48. Let s = 16 - w. Suppose -3*r - h + 54 = 2*h, -s*h = -4*r + 63. Calculate the greatest common factor of 85 and r.
17
Let t = -2228 - -3002. Calculate the greatest common factor of t and 9804.
258
Let u = -121 - 92. Let n = u - -231. What is the greatest common divisor of 48 and n?
6
Suppose 26*o - 25*o = 12. Let y be 104/o - 1*6/9. Suppose 0 = 6*l - y*l + 52. What is the highest common divisor of l and 234?
26
Suppose 4*g + 0*b - 90 = 2*b, 5*g = -5*b + 150. Suppose 2*t - 552 = o, -t - 3*o = -123 - 146. Calculate the highest common factor of g and t.
25
Let o(j) = -j**3 + 7*j**2 + 12*j - 30. Let v = -76 + 83. Let b be o(v). What is the highest common divisor of b and 90?
18
Let z be 70/4 + 7735/(-2210). Let y be (-4)/10 + (-4)/(-10). Let v(b) = b**3 + b + 42. Let m be v(y). Calculate the highest common factor of z and m.
14
Suppose -299*k + 4*u - 48805 = -302*k, -3*u + 81327 = 5*k. What is the greatest common factor of 234 and k?
117
Let q be (((-30)/(-12))/5)/((-1)/(-60)). Let n be (q/(-4))/(66/(-352)). Suppose 28*k - 29*k + 60 = 0. What is the greatest common divisor of k and n?
20
Let a(z) = z**3 + 3*z**2 - 27*z - 14. Let w be a(7). What is the greatest common factor of w and 164?
41
Let d be (-56)/21*(-485 + -1). Calculate the highest common factor of d and 576.
144
Let m be -96 - (-12)/(-20)*15/3. Let n = -94 - m. Suppose -n*h - 5*v + 135 = 0, -v = -5*h - 2*v + 143. Calculate the highest common divisor of 261 and h.
29
Suppose -28 = -3*r - 7. Suppose 243*q - 242*q = 35. What is the greatest common divisor of r and q?
7
Let n = -727 + 732. Suppose -v - w + 37 = 0, -183 = -n*v + 14*w - 17*w. What is the greatest common factor of v and 8?
4
Let a(z) = -z**2 + 10*z - 4. Let x be a(5). Let d = 388 + -52. Calculate the highest common factor of d and x.
21
Let x = 309 - 859. Let i = -537 - x. Calculate the highest common divisor of 949 and i.
13
Let j(t) = -t**2 - 20*t + 3. Let q be j(-20). Let x be 3*q/27*78. Suppose b - 2*g = 53, 5*g - 6 = -x. Calculate the greatest common factor of 18 and b.
9
Let v(r) = 4*r + 31*r - 18*r - 130 - 4 - 5*r. Let g be v(17). What is the highest common factor of g and 1?
1
Let b(v) = 11 - 16*v - 1 + 3*v**2 + 9*v. Let i be b(4). Let f(g) = -2*g + 5. Let r be f(-5). Calculate the greatest common divisor of i and r.
15
Let t be 91/(-21) - 2/3. Let w = 88 - t. Let i be (-28)/3*w/(-62). Calculate the highest common factor of 70 and i.
14
Let w(n) = -n**3 - 6*n**2 + 4*n - 19. Let b be w(-7). Suppose -b*u + 19 - 21 = 0. Let s be u + 6 + 1 + -4 + 5. What is the highest common factor of 7 and s?
7
Let k(a) = a + 106. Let n be k(-34). Suppose -3*b + 2*v = -55, b + 3*v = -v - 5. Let f = b + -6. Calculate the greatest common divisor of n and f.
9
Let n be (-43)/(430/(-17060)) + -18. Calculate the greatest common divisor of n and 24.
8
Let a = -3928 + 3973. Calculate the highest common divisor of a and 580.
5
Let r(x) = -2*x**2 - 122*x - 461. Let u be r(-38). Calculate the greatest common divisor of u and 51.
3
Let h(j) = j**3 - 2*j + 1. Let k be h(2). Suppose -369*g - 3*s = -370*g + 53, 4*g - 152 = 2*s. What is the highest common divisor of g and k?
5
Let x = 4532 - 4523. What is the highest common factor of 3 and x?
3
Let o(x) = 9*x**3 + 29*x**2 + 12*x + 46. Let f be o(-3). Calculate the highest common factor of f and 12.
4
Suppose 0 = 3*o - 9*y + 48, 112 = o - 189*y + 194*y. Let f(w) = -2*w - 3*w - 3*w. Let b be f(-6). What is the greatest common factor of o and b?
16
Suppose 5*a = 3*r + 34, -2*a + 2*r + 9 = -7. Suppose 0 = -3*o - a*i + 97 - 37, 3*o + i = 48. Calculate the greatest common divisor of 420 and o.
15
Let k = 25 - 15. Suppose b + b = k. Suppose 4*m + 3*n = 14, -4*n = -2*m - 3*m + 33. What is the highest common factor of m and b?
5
Suppose -95*j + 43*j + 80 = -36*j. Calculate the highest common factor of j and 845.
5
Suppose -103*b + 9774 = 78*b. Let p = -5 + 275. Calculate the greatest common divisor of p and b.
54
Let k(z) = -2*z - 1 + 0*z - 5. Let f be k(-4). Suppose 21*t - 92 = -23*t - 2*t. What is the highest common divisor of f and t?
2
Suppose 106*v + 1552 = 12576. What is the highest common divisor of 169 and v?
13
Suppose -2*t = s - 83, -297*s + 295*s + 88 = 2*t. Suppose -39 = 4*w - 7*w. What is the highest common divisor of w and t?
13
Suppose 60 = 22*m - 28. Suppose -9 = -m*o + j, -6*o - 5 = -o + 2*j. Calculate the greatest common divisor of o and 15.
1
Let l = -4136 - -5476. Calculate the highest common factor of l and 20.
20
Suppose -76 = -f + 4*x, 80 = 2*x + 66. Calculate the greatest common divisor of f and 12.
4
Let b = -210 - 75. Let w be 30/b - (-135)/19. Suppose 3 = -4*d + w. What is the greatest common divisor of 9 and d?
1
Let j(l) = -2*l**3 - 9*l**2 - 8*l + 50. Let u be j(-7). What is the highest common factor of 78 and u?